nits digit of m?
5
Let h(m) = 39*m**3 + 7*m**2 + m - 13. Let y be h(-4). Let t = -1001 - y. What is the units digit of t?
0
What is the tens digit of (-9 - (-180)/156) + 8 + (-1525572)/(-26)?
7
Suppose -2*v - 3*d = -8*d + 303, -v = -4*d + 156. Let l = v - -296. Let s = l - 86. What is the tens digit of s?
6
Let r be 3454/14 - (-2)/7. Suppose -2*u - 351 = -81. Let p = r + u. What is the hundreds digit of p?
1
Let n(z) = -3*z**2 + 5*z + 2. Let c be n(-1). What is the tens digit of 1/c - (-1976)/48?
4
Let t = 52 + -31. Let n = 23 - t. Suppose -n*b = -h + 1, -4*h + 25 = b - 15. What is the units digit of h?
9
Let z(s) = 24*s + 22*s + 49 - 36. Suppose 9*w - l = 4*w + 8, 2*w + 4*l = 12. What is the tens digit of z(w)?
0
Let j(i) = -9*i - 91. Let c be j(-10). What is the units digit of 101 + c + -1*18/6?
7
Let s be 32 - (-88)/66*(-3)/2. What is the tens digit of (-3)/(s/(-968)) - (-24)/120?
9
Let x = 4 + -8. Suppose 3*p = 12*p - 2610. What is the hundreds digit of (-18)/x*(-3 + p/6)?
2
Let o(s) = 258*s - 1128. What is the tens digit of o(51)?
3
Let v = -6814 + 7315. What is the units digit of v?
1
Suppose -1501 = -3*c - 4*f + 9849, -3*f = 6. What is the tens digit of c?
8
Let l(h) = -h**3 + 7*h**2 + 3*h - 6. Suppose 0 = 24*x - 22*x - 16. Let v be l(x). Let r = v - -55. What is the units digit of r?
9
Suppose -7*j - 298 = -3903. Let r = j - -100. Suppose 0 = 6*o - o - r. What is the units digit of o?
3
Suppose 439152 + 175280 = 28*q. What is the hundreds digit of q?
9
Suppose 0 = r + 3*w + 10, 38 = 5*r - 4*w + 12. Suppose r*m - 399 = 17. What is the tens digit of m?
0
Let s(b) be the first derivative of -143*b**2/2 - 280*b + 77. What is the units digit of s(-11)?
3
What is the hundreds digit of 6632/(-20)*(-37820)/248?
5
Let r(x) = 11*x - 25. Let j be r(3). Let m be (-396)/j - (-25)/10. Let a = m - -92. What is the tens digit of a?
4
Let h be ((-45)/(-60))/(1/(32/6)). Let k(j) be the first derivative of 41*j**2/2 - 8*j - 1. What is the tens digit of k(h)?
5
Let p(q) = -11*q**2 + 968*q + 109. What is the ten thousands digit of p(69)?
1
Suppose -128 = 5*q + t - 385, 5*t = -q + 61. Suppose 3*m - 4*s = -q, 0 = -2*m + 5*s - 27. Let k = -20 - m. What is the units digit of k?
1
Let s(x) = -3*x + 5. Let o be s(-7). Suppose 0 = 4*l - 7*l - 141. Let j = o - l. What is the tens digit of j?
7
Let x(z) = 3*z**2 - 7*z + 4. Let d be x(-4). Let o = -75 + d. Suppose -h + 0*h - o*l + 227 = 0, -5*l - 933 = -4*h. What is the tens digit of h?
3
Let h(y) = -y. Let j(s) = 8*s + 14. Let p(n) = 3*h(n) + j(n). Let v(t) = -t**2 + 21*t - 90. Let k be v(7). What is the units digit of p(k)?
4
Let r(k) = 167*k**2 + 27*k + 5. What is the tens digit of r(-8)?
7
Suppose 0 = -334*j + 357*j - 80776. What is the thousands digit of j?
3
Let t(p) = 1190*p + 6401. What is the ten thousands digit of t(13)?
2
What is the thousands digit of (-12)/(-8) + (-1799400)/(-80)?
2
Let d = 295 + -289. Let k(f) = 33*f**2 + 31*f - 19. What is the tens digit of k(d)?
5
Let x(w) = 3*w + 30. Let o be x(0). Let c be (-373)/15 - 4/o. What is the units digit of 1 - (3 + -4) - c?
7
Suppose h + 3*h - 184 = 0. Let w = 26 - h. What is the tens digit of (32/(-10))/((-39)/w + -2)?
6
Let z(g) = -7*g**2 + 4*g + 49. Let a(x) = 3*x**2 - 2*x - 24. Let d(n) = 5*a(n) + 2*z(n). Let w be -24*(-6)/12 + 2 + -1. What is the hundreds digit of d(w)?
1
Let d(q) = -64*q - 2. Let b be d(2). Let l = 3596 + -3458. Let h = l - b. What is the units digit of h?
8
Let l(n) = -n**3 - 101*n**2 + 75*n - 474. What is the ten thousands digit of l(-107)?
6
Let r(a) = 2*a**3 - 3*a**2 - 3*a - 11. What is the tens digit of r(12)?
7
What is the tens digit of 57723 + ((-2 - -3) + -11)*3/(-6)?
2
Suppose -13*a - 87554 + 428232 = 0. What is the tens digit of a?
0
Let p(r) = r**3 - 8*r**2 + 13*r + 6. Let i be 12 + 1 - (0 + 9/3). What is the hundreds digit of p(i)?
3
Let i = -55926 - -101578. What is the hundreds digit of i?
6
Suppose -4538 = -4*v - l, -l + 2266 = -7*v + 9*v. What is the tens digit of v?
3
Suppose 3*k - 3*a = 510, 2*a = 4*k - a - 678. Let z be (-810)/(-8)*k/63. Suppose 7*g = 10*g - z. What is the tens digit of g?
9
Suppose 13*m = -1 - 25. What is the hundreds digit of (105/(-175))/(m/1130)?
3
Let q(t) = t**3 + 10*t**2 + 9*t + 5. Let d be q(-9). Suppose 0*s = d*s. Suppose -3*p + s*p = 2*f - 252, 2*p - 170 = -2*f. What is the units digit of p?
2
Suppose 5*g + 3*w - 98326 = -10678, 0 = -3*w + 18. What is the hundreds digit of g?
5
Let n = -288 - -543. Suppose 6*x - 2925 - n = 0. What is the units digit of x?
0
Let i be 15 - (-12)/(-9)*(-6)/(-4). Suppose 3*n - 3*y + 9 = -21, n = 4*y - i. What is the units digit of (n/(-6))/((-3)/(-284))?
2
Let t = -4772 + 22769. What is the tens digit of t?
9
Let a(f) be the second derivative of 1/6*f**4 - 27*f - 8/3*f**3 + 7*f**2 + 0. What is the tens digit of a(11)?
8
Let b = -61 - -68. Let x be 0 - -2 - -2 - 12/6. Suppose -b*c - v + 980 = -x*c, -5*v = 2*c - 415. What is the hundreds digit of c?
1
What is the hundreds digit of 111381*((-154)/(-66) - (-4)/(-2))?
1
Let c(y) = 2870*y - 4844. What is the hundreds digit of c(4)?
6
Suppose 5*b - 13*o = -10*o + 483, 386 = 4*b - 2*o. Suppose -b*q + 1880 = -91*q. What is the tens digit of q?
7
Let q(p) = p**3 + 54*p**2 - 22*p + 240. What is the hundreds digit of q(-53)?
2
Let r(p) = 1501*p + 950. What is the units digit of r(40)?
0
Let h be -2*(-3)/6*14. Suppose j + 6*k - 3*k = h, -j + 2*k - 6 = 0. Suppose 4*m + 2*d - 1140 = 0, 4*m - j*m + 4*d = 558. What is the hundreds digit of m?
2
Suppose 2*z + 13*z - 6360 = 0. What is the hundreds digit of z*(8 + (-78)/12)?
6
Suppose 1914 = -2*p - p. Let b = p - -931. What is the hundreds digit of b?
2
Let d be (48/6)/(-4) - -4 - -106. Suppose -5*u - 21 + 56 = 0. Let l = d + u. What is the units digit of l?
5
Let z(w) = -1210*w**3 + 7*w**2 + 29*w + 11. What is the units digit of z(-3)?
7
Let x be (-2 + 15/9)*-9. Suppose 5192 = 8*c + x*c. What is the hundreds digit of c?
4
Suppose 2*u - 44*u = 158*u - 4394400. What is the tens digit of u?
7
Let m = 100301 + -68379. What is the tens digit of m?
2
Let b(m) = m**3 + 9*m**2 - 4*m - 17. Let f(a) = 9*a + 65. Let p be f(-8). What is the tens digit of b(p)?
0
Let d(f) = 102*f**2 + 111*f + 7. What is the thousands digit of d(-6)?
3
Suppose 4*k - 5*b = 11268 + 7098, -2*k + 3*b + 9184 = 0. What is the hundreds digit of k?
5
Suppose 0 = 5*h - 10993 - 112. Let x = h + -1466. Suppose -49*k + x = -44*k. What is the hundreds digit of k?
1
Let j(l) = 39*l**2 + 8*l - 3. Let p = 576 - 571. What is the thousands digit of j(p)?
1
Let g = 169 - -197. Suppose 0 = 10*c - 5544 - g. What is the hundreds digit of c?
5
Suppose 75*l = 1608127 + 193192 - 307094. What is the ten thousands digit of l?
1
Suppose 0 = -7*h + 10*h + 5*x - 336, -3*h - 4*x + 342 = 0. What is the units digit of h?
2
Let g = -498 + 69. Let h = g - -983. What is the tens digit of h?
5
Let s(i) = i**2 + 5*i + 23. Suppose 9*t = 5*t - 16. Let y be 1*(-10 - (t + 1)). What is the tens digit of s(y)?
3
Let s = -73466 - -108169. What is the thousands digit of s?
4
Suppose 8*c + 54 = -10*c. What is the units digit of 1/c*-699 + 8?
1
Let u be 4/(-2 + (2 - -1)). Let p be 3/12*u + -92. Let v = -89 - p. What is the units digit of v?
2
Let z(d) = 3*d**2 + 194*d - 321. What is the thousands digit of z(-80)?
3
Let h be (-2)/(-17) - (-4130)/(-1003). What is the hundreds digit of (-9977)/(-21) - -1*h/42?
4
Suppose -447 = -10*m - 477. What is the units digit of m/(63/(-11989)) - (-96)/1008?
1
Let f be 1/(2/44)*1. Suppose f*c - 110 = 17*c. Suppose -c = 7*t - 197. What is the units digit of t?
5
Let r = 485 - 503. Let s(x) = -x**2 - 31*x - 91. What is the units digit of s(r)?
3
Let l = -20 - -32. Suppose -l*v = -14*v - 4. What is the units digit of 24 + (0 + -2)*v?
8
Let a(n) = n**2 - 5*n - 18. Let u(s) be the third derivative of s**5/60 - 3*s**4/8 - 25*s**3/6 + 15*s**2. Let j be u(12). What is the tens digit of a(j)?
4
Suppose 4*w = 87 - 103. What is the tens digit of 7/((-296)/840 - w/10)?
4
Suppose 5*x = -2*u + 20, -15 = -5*u + 2*u. Suppose -5*o + 3*o - x*h + 360 = 0, 2 = h. Suppose o = -8*d + 514. What is the units digit of d?
2
Let o = -8724 + 15620. What is the hundreds digit of o?
8
Let b(w) = -221*w + 1. Suppose -3*r - 24 = -3*y, -2*r + 4 = 